s the highest common factor of 24095 and 73505?
305
Calculate the greatest common factor of 9216416 and 3168.
352
Calculate the highest common divisor of 17138772 and 1449.
1449
What is the highest common factor of 82096 and 13790?
14
Calculate the greatest common divisor of 15185 and 6025.
5
Calculate the highest common factor of 879 and 35300347.
293
Calculate the highest common divisor of 11770 and 2717.
11
Calculate the greatest common factor of 27145 and 431383.
89
What is the greatest common factor of 44 and 61350157?
11
Calculate the highest common divisor of 622942 and 14115.
941
What is the highest common factor of 18178638 and 771?
771
What is the greatest common factor of 3644728 and 104?
8
Calculate the highest common factor of 1621 and 7623563.
1621
Calculate the greatest common factor of 84373 and 141641.
139
What is the highest common factor of 3926 and 39350298?
3926
Calculate the greatest common divisor of 152970 and 13080.
30
Calculate the greatest common factor of 8228941 and 5404.
1351
What is the greatest common factor of 23622732 and 756?
756
Calculate the highest common factor of 24 and 167824524.
12
Calculate the highest common divisor of 64084803 and 303.
303
Calculate the highest common divisor of 404 and 2447937.
101
Calculate the highest common divisor of 184620 and 411264.
204
Calculate the greatest common factor of 10176 and 58915648.
3392
What is the highest common divisor of 5279663 and 76?
19
What is the highest common divisor of 567 and 15745509?
81
Calculate the greatest common factor of 22018279 and 1247.
1247
Calculate the highest common factor of 5488 and 416101.
7
Calculate the greatest common factor of 35592700 and 3300.
1100
What is the greatest common factor of 6340 and 28530?
3170
What is the greatest common factor of 10088 and 30749?
97
Calculate the highest common factor of 526471 and 5954.
229
Calculate the greatest common factor of 285 and 964713.
3
What is the highest common divisor of 2625 and 17358200?
25
What is the greatest common factor of 25551965 and 46?
23
Calculate the highest common divisor of 26814643 and 38.
19
What is the highest common divisor of 2452505 and 18700?
935
Calculate the highest common divisor of 540 and 1436041440.
540
What is the highest common divisor of 492755 and 489280?
695
Calculate the highest common divisor of 4424 and 3930724.
2212
What is the greatest common divisor of 588 and 21903108?
12
Calculate the greatest common factor of 2159442 and 264384.
306
What is the greatest common factor of 5 and 562732200?
5
Calculate the greatest common factor of 46640 and 61072.
176
What is the greatest common divisor of 1023 and 308021208?
1023
Calculate the greatest common factor of 6880204 and 76.
76
Calculate the greatest common divisor of 1961 and 39743587.
1961
Calculate the greatest common divisor of 66420 and 2023002.
54
What is the greatest common divisor of 269445 and 18722?
253
What is the greatest common divisor of 28 and 19754770?
14
What is the highest common factor of 76846 and 354290?
998
Calculate the greatest common factor of 21961114 and 3236.
1618
What is the greatest common divisor of 74340 and 17837883?
3717
Calculate the highest common factor of 53090438 and 571.
571
Calculate the highest common factor of 476019 and 236961.
2097
What is the greatest common factor of 300 and 4877175?
75
What is the greatest common factor of 51 and 17559674?
17
Calculate the greatest common factor of 3112 and 32809038.
778
What is the highest common factor of 10247724 and 8472?
12
What is the highest common divisor of 99360 and 7321728?
2208
Calculate the greatest common factor of 17314983 and 7.
7
Calculate the greatest common factor of 5177 and 357151.
31
What is the greatest common divisor of 4 and 26086793?
1
What is the greatest common divisor of 240609 and 255621?
417
What is the greatest common factor of 160767 and 2853?
9
What is the greatest common divisor of 126142 and 4208?
2
Calculate the highest common factor of 254 and 98583115.
127
What is the greatest common divisor of 1510988935 and 2110?
1055
What is the highest common factor of 351054 and 556314?
66
Calculate the highest common factor of 407 and 43159501.
407
Calculate the highest common factor of 38040520 and 1400.
280
Calculate the highest common factor of 3127740 and 240.
60
Calculate the highest common factor of 4104166 and 44.
22
Calculate the greatest common divisor of 17092703 and 621.
23
What is the highest common divisor of 27304884 and 48?
12
What is the highest common divisor of 677 and 61302350?
677
What is the greatest common factor of 1575 and 21939435?
315
What is the highest common factor of 560204 and 84447496?
13028
What is the highest common factor of 7120790 and 2890?
170
Calculate the highest common factor of 450049 and 1015550.
1069
Calculate the highest common factor of 19870486 and 1804.
82
Calculate the highest common factor of 60024 and 64.
8
Calculate the highest common divisor of 150 and 395966.
2
What is the greatest common factor of 15012204 and 76?
76
Calculate the highest common divisor of 719960 and 18040.
1640
What is the highest common factor of 2249320 and 3816?
424
Calculate the greatest common factor of 450172632 and 8736.
2184
What is the highest common divisor of 97750 and 44166?
34
What is the greatest common divisor of 3184931 and 1321?
1321
What is the greatest common factor of 1255334321 and 191?
191
Calculate the highest common divisor of 23890048 and 369824.
2912
Calculate the highest common factor of 1939 and 70759927.
1939
Calculate the greatest common divisor of 7332 and 15541396.
2444
Calculate the highest common divisor of 905165 and 1805700.
2315
What is the highest common factor of 5536 and 70992?
16
Calculate the greatest common factor of 130 and 13320814.
26
What is the greatest common factor of 78 and 57028309?
13
Calculate the highest common divisor of 14997298 and 724.
362
Calculate the highest common divisor of 50201074 and 7.
7
What is the highest common divisor of 12011070 and 87330?
2130
Calculate the highest common divisor of 27045 and 1815.
15
Calculate the greatest common divisor of 800344 and 84.
4
What is the highest common divisor of 37878 and 3574763?
107
Calculate the highest common divisor of 103344772 and 4.
4
What is the highest common factor of 12330 and 790?
10
What is the greatest common factor of 1646439 and 553?
79
What is the highest common factor of 44 and 81124494?
22
What is the greatest common factor of 55049742 and 99?
99
Calculate the highest common factor of 153801276 and 8.
4
What is the greatest common divisor of 52188 and 30?
6
Calculate the highest common factor of 10240 and 162800.
80
What is the greatest common factor of 666 and 61616016?
18
Calculate the highest common factor of 29235744 and 1440.
288
Calculate the highest common divisor of 1254285 and 19560.
2445
Calculate the highest common divisor of 100959 and 7837.
461
What is the highest common divisor of 5280 and 32597760?
480
Calculate the highest common divisor of 3348160 and 2560.
320
What is the greatest common factor of 5812987 and 8185?
1637
What is the greatest common factor of 1995 and 9293565?
285
Calculate the highest common divisor of 22776890 and 290.
290
What is the highest common factor of 81108 and 36972?
36
What is the highest common factor of 6 and 111172998?
6
What is the greatest common divisor of 179503010 and 790?
790
What is the greatest common factor of 13 and 497434?
1
Calculate the highest common divisor of 295402 and 155842.
2326
Calculate the greatest common factor of 13017812 and 228.
76
Calculate the greatest common divisor of 397575160 and 120.
40
What is the highest common factor of 217888 and 4649928?
4952
Calculate the highest common divisor of 14932834 and 4454.
34
Calculate the highest common factor of 49320831 and 2667.
2667
Calculate the greatest common factor of 368190 and 72615.
15
Calculate the highest common divisor of 4531115 and 5.
5
What is the highest common divisor of 66339 and 8541?
117
Calculate the highest common factor of 132 and 23151876.
132
What is the greatest common factor of 1500 and 3263685?
15
Calculate the greatest common factor of 26 and 327446704.
26
Calculate the greatest common factor of